{"id":70,"date":"2017-08-18T16:31:07","date_gmt":"2017-08-18T14:31:07","guid":{"rendered":"https:\/\/spectaclescollectifornormes.wordpress.com\/?post_type=jetpack-portfolio&#038;p=70"},"modified":"2020-09-11T10:12:51","modified_gmt":"2020-09-11T08:12:51","slug":"lamaladiedelamort","status":"publish","type":"jetpack-portfolio","link":"https:\/\/collectifornormes.fr\/spectaclescollectifornormes\/portfolio\/lamaladiedelamort\/","title":{"rendered":"La Maladie de la Mort, de Marguerite Duras"},"content":{"rendered":"\n<h3>TOUS LES JOURS SE TIENT LE M\u00caME C\u00c9R\u00c9MONIAL,&nbsp;DANS UNE CHAMBRE D\u2019H\u00d4TEL, UN HOMME, UNE FEMME.<\/h3>\n\n\n\n<h3>ENTRE EUX LA MER, IL LA PAYE, ELLE SE SOUMET.<\/h3>\n\n\n\n<h3>IL LA REGARDE, LA TOUCHE, DORT ET PLEURE CONTRE ELLE<\/h3>\n\n\n\n<p>La Maladie de la Mort est \u00e0 d\u00e9couvrir dans un transm\u00e9dia r\u00e9unissant&#8230; <\/p>\n\n\n\n<div class=\"wp-block-cover has-background-dim-40 has-background-dim\" style=\"background-image:url(http:\/\/collectifornormes.fr\/spectaclescollectifornormes\/wp-content\/uploads\/2017\/08\/Bertrand_Farge-683x1024.jpg);min-height:400px\"><div class=\"wp-block-cover__inner-container\">\n<p class=\"has-text-align-center has-white-color has-text-color has-large-font-size\"><a href=\"http:\/\/collectifornormes.fr\/spectaclescollectifornormes\/?page_id=628\" data-type=\"URL\" data-id=\"http:\/\/collectifornormes.fr\/spectaclescollectifornormes\/?page_id=628\" target=\"_blank\" rel=\"noreferrer noopener\">SPECTACLE<\/a><\/p>\n<\/div><\/div>\n\n\n\n<hr class=\"wp-block-separator\"\/>\n\n\n\n<div class=\"wp-block-cover has-background-dim-20 has-background-dim\" style=\"background-image:url(http:\/\/collectifornormes.fr\/spectaclescollectifornormes\/wp-content\/uploads\/2017\/08\/carte-postal-film-lmdlm_affichergb-03.jpg);background-position:81% 0%;min-height:400px\"><div class=\"wp-block-cover__inner-container\">\n<p class=\"has-text-align-center has-white-color has-text-color has-large-font-size\"><a href=\"http:\/\/collectifornormes.fr\/spectaclescollectifornormes\/?page_id=636\" data-type=\"URL\" data-id=\"http:\/\/collectifornormes.fr\/spectaclescollectifornormes\/?page_id=636\" target=\"_blank\" rel=\"noreferrer noopener\">FILM<\/a><\/p>\n<\/div><\/div>\n\n\n\n<hr class=\"wp-block-separator\"\/>\n\n\n\n<div class=\"wp-block-cover has-background-dim-70 has-background-dim\" style=\"background-image:url(http:\/\/collectifornormes.fr\/spectaclescollectifornormes\/wp-content\/uploads\/2017\/08\/10014874_528097294008750_7873896255182603176_o.jpg);background-position:0% 7%;min-height:400px\"><div class=\"wp-block-cover__inner-container\">\n<p class=\"has-text-align-center has-white-color has-text-color has-large-font-size\"><a href=\"http:\/\/collectifornormes.fr\/spectaclescollectifornormes\/la-maladie-de-la-mort-fiction-facebook\/\" data-type=\"URL\" data-id=\"http:\/\/collectifornormes.fr\/spectaclescollectifornormes\/la-maladie-de-la-mort-fiction-facebook\/\" target=\"_blank\" rel=\"noreferrer noopener\">FICTION FACEBOOK<\/a><\/p>\n<\/div><\/div>\n","protected":false},"excerpt":{"rendered":"<p>TOUS LES JOURS SE TIENT LE M\u00caME C\u00c9R\u00c9MONIAL,&nbsp;DANS UNE CHAMBRE D\u2019H\u00d4TEL, UN HOMME, UNE FEMME. ENTRE EUX LA MER, IL LA PAYE, ELLE SE SOUMET. IL LA REGARDE, LA TOUCHE, DORT ET PLEURE CONTRE ELLE La Maladie de la Mort est \u00e0 d\u00e9couvrir dans un transm\u00e9dia r\u00e9unissant&#8230;<\/p>\n","protected":false},"author":1,"featured_media":352,"comment_status":"closed","ping_status":"closed","template":"","meta":{"spay_email":"","jetpack_publicize_message":""},"tags":[],"jetpack-portfolio-type":[12],"jetpack-portfolio-tag":[],"jetpack_publicize_connections":[],"jetpack_sharing_enabled":true,"jetpack_likes_enabled":true,"_links":{"self":[{"href":"https:\/\/collectifornormes.fr\/spectaclescollectifornormes\/wp-json\/wp\/v2\/jetpack-portfolio\/70"}],"collection":[{"href":"https:\/\/collectifornormes.fr\/spectaclescollectifornormes\/wp-json\/wp\/v2\/jetpack-portfolio"}],"about":[{"href":"https:\/\/collectifornormes.fr\/spectaclescollectifornormes\/wp-json\/wp\/v2\/types\/jetpack-portfolio"}],"author":[{"embeddable":true,"href":"https:\/\/collectifornormes.fr\/spectaclescollectifornormes\/wp-json\/wp\/v2\/users\/1"}],"replies":[{"embeddable":true,"href":"https:\/\/collectifornormes.fr\/spectaclescollectifornormes\/wp-json\/wp\/v2\/comments?post=70"}],"version-history":[{"count":6,"href":"https:\/\/collectifornormes.fr\/spectaclescollectifornormes\/wp-json\/wp\/v2\/jetpack-portfolio\/70\/revisions"}],"predecessor-version":[{"id":649,"href":"https:\/\/collectifornormes.fr\/spectaclescollectifornormes\/wp-json\/wp\/v2\/jetpack-portfolio\/70\/revisions\/649"}],"wp:featuredmedia":[{"embeddable":true,"href":"https:\/\/collectifornormes.fr\/spectaclescollectifornormes\/wp-json\/wp\/v2\/media\/352"}],"wp:attachment":[{"href":"https:\/\/collectifornormes.fr\/spectaclescollectifornormes\/wp-json\/wp\/v2\/media?parent=70"}],"wp:term":[{"taxonomy":"post_tag","embeddable":true,"href":"https:\/\/collectifornormes.fr\/spectaclescollectifornormes\/wp-json\/wp\/v2\/tags?post=70"},{"taxonomy":"jetpack-portfolio-type","embeddable":true,"href":"https:\/\/collectifornormes.fr\/spectaclescollectifornormes\/wp-json\/wp\/v2\/jetpack-portfolio-type?post=70"},{"taxonomy":"jetpack-portfolio-tag","embeddable":true,"href":"https:\/\/collectifornormes.fr\/spectaclescollectifornormes\/wp-json\/wp\/v2\/jetpack-portfolio-tag?post=70"}],"curies":[{"name":"wp","href":"https:\/\/api.w.org\/{rel}","templated":true}]}}

<h3>TOUS LES JOURS SE TIENT LE MÊME CÉRÉMONIAL,&nbsp;DANS UNE CHAMBRE D’HÔTEL, UN HOMME, UNE FEMME.</h3>



<h3>ENTRE EUX LA MER, IL LA PAYE, ELLE SE SOUMET.</h3>



<h3>IL LA REGARDE, LA TOUCHE, DORT ET PLEURE CONTRE ELLE</h3>



<p>La Maladie de la Mort est à découvrir dans un transmédia réunissant&#8230; </p>



<div class="wp-block-cover has-background-dim-40 has-background-dim" style="background-image:url(http://collectifornormes.fr/spectaclescollectifornormes/wp-content/uploads/2017/08/Bertrand_Farge-683x1024.jpg);min-height:400px"><div class="wp-block-cover__inner-container">
<p class="has-text-align-center has-white-color has-text-color has-large-font-size"><a href="http://collectifornormes.fr/spectaclescollectifornormes/?page_id=628" data-type="URL" data-id="http://collectifornormes.fr/spectaclescollectifornormes/?page_id=628" target="_blank" rel="noreferrer noopener">SPECTACLE</a></p>
</div></div>



<hr class="wp-block-separator"/>



<div class="wp-block-cover has-background-dim-20 has-background-dim" style="background-image:url(http://collectifornormes.fr/spectaclescollectifornormes/wp-content/uploads/2017/08/carte-postal-film-lmdlm_affichergb-03.jpg);background-position:81% 0%;min-height:400px"><div class="wp-block-cover__inner-container">
<p class="has-text-align-center has-white-color has-text-color has-large-font-size"><a href="http://collectifornormes.fr/spectaclescollectifornormes/?page_id=636" data-type="URL" data-id="http://collectifornormes.fr/spectaclescollectifornormes/?page_id=636" target="_blank" rel="noreferrer noopener">FILM</a></p>
</div></div>



<hr class="wp-block-separator"/>



<div class="wp-block-cover has-background-dim-70 has-background-dim" style="background-image:url(http://collectifornormes.fr/spectaclescollectifornormes/wp-content/uploads/2017/08/10014874_528097294008750_7873896255182603176_o.jpg);background-position:0% 7%;min-height:400px"><div class="wp-block-cover__inner-container">
<p class="has-text-align-center has-white-color has-text-color has-large-font-size"><a href="http://collectifornormes.fr/spectaclescollectifornormes/la-maladie-de-la-mort-fiction-facebook/" data-type="URL" data-id="http://collectifornormes.fr/spectaclescollectifornormes/la-maladie-de-la-mort-fiction-facebook/" target="_blank" rel="noreferrer noopener">FICTION FACEBOOK</a></p>
</div></div>

<p>TOUS LES JOURS SE TIENT LE MÊME CÉRÉMONIAL,&nbsp;DANS UNE CHAMBRE D’HÔTEL, UN HOMME, UNE FEMME. ENTRE EUX LA MER, IL LA PAYE, ELLE SE SOUMET. IL LA REGARDE, LA TOUCHE, DORT ET PLEURE CONTRE ELLE La Maladie de la Mort est à découvrir dans un transmédia réunissant&#8230;</p>
