{"id":5,"date":"2017-08-15T14:14:17","date_gmt":"2017-08-15T13:14:17","guid":{"rendered":"https:\/\/spectaclescollectifornormes.wordpress.com\/?page_id=2"},"modified":"2020-09-02T14:36:58","modified_gmt":"2020-09-02T12:36:58","slug":"a-propos","status":"publish","type":"page","link":"https:\/\/collectifornormes.fr\/spectaclescollectifornormes\/a-propos\/","title":{"rendered":"\u00c0 propos"},"content":{"rendered":"<h3 class=\"p1\" style=\"text-align: center;\">Collectif Or NOrmes, Cr\u00e9ation et Recherche en Arts Num\u00e9riques cr\u00e9\u00e9 en 2011 par Christelle Derr\u00e9 (artiste transm\u00e9dia et metteure en sc\u00e8ne) et Martin Rossi (d\u00e9veloppeur multim\u00e9dia). Leur travail s&rsquo;articule autour de d\u00e9veloppements de logiciels et de cr\u00e9ations de spectacles Transmedia, tout public et jeune public.<\/h3>\n<div data-carousel-extra='{\"blog_id\":1,\"permalink\":\"https:\\\/\\\/collectifornormes.fr\\\/spectaclescollectifornormes\\\/a-propos\\\/\"}' id='gallery-1' class='gallery galleryid-5 gallery-columns-3 gallery-size-large'><figure class='gallery-item'>\n\t\t\t<div class='gallery-icon landscape'>\n\t\t\t\t<a href='https:\/\/collectifornormes.fr\/spectaclescollectifornormes\/logo_collornor\/'><img width=\"764\" height=\"191\" src=\"https:\/\/i0.wp.com\/collectifornormes.fr\/spectaclescollectifornormes\/wp-content\/uploads\/2017\/08\/logo_collornor-e1502804254372.png?fit=764%2C191&amp;ssl=1\" class=\"attachment-large size-large\" alt=\"\" decoding=\"async\" loading=\"lazy\" srcset=\"https:\/\/i0.wp.com\/collectifornormes.fr\/spectaclescollectifornormes\/wp-content\/uploads\/2017\/08\/logo_collornor-e1502804254372.png?w=1200&amp;ssl=1 1200w, https:\/\/i0.wp.com\/collectifornormes.fr\/spectaclescollectifornormes\/wp-content\/uploads\/2017\/08\/logo_collornor-e1502804254372.png?resize=300%2C75&amp;ssl=1 300w, https:\/\/i0.wp.com\/collectifornormes.fr\/spectaclescollectifornormes\/wp-content\/uploads\/2017\/08\/logo_collornor-e1502804254372.png?resize=768%2C192&amp;ssl=1 768w, https:\/\/i0.wp.com\/collectifornormes.fr\/spectaclescollectifornormes\/wp-content\/uploads\/2017\/08\/logo_collornor-e1502804254372.png?resize=1024%2C256&amp;ssl=1 1024w\" sizes=\"(max-width: 764px) 100vw, 764px\" data-attachment-id=\"33\" data-permalink=\"https:\/\/collectifornormes.fr\/spectaclescollectifornormes\/logo_collornor\/\" data-orig-file=\"https:\/\/i0.wp.com\/collectifornormes.fr\/spectaclescollectifornormes\/wp-content\/uploads\/2017\/08\/logo_collornor-e1502804254372.png?fit=1200%2C300&amp;ssl=1\" data-orig-size=\"1200,300\" data-comments-opened=\"1\" data-image-meta=\"{&quot;aperture&quot;:&quot;0&quot;,&quot;credit&quot;:&quot;&quot;,&quot;camera&quot;:&quot;&quot;,&quot;caption&quot;:&quot;&quot;,&quot;created_timestamp&quot;:&quot;0&quot;,&quot;copyright&quot;:&quot;&quot;,&quot;focal_length&quot;:&quot;0&quot;,&quot;iso&quot;:&quot;0&quot;,&quot;shutter_speed&quot;:&quot;0&quot;,&quot;title&quot;:&quot;&quot;,&quot;orientation&quot;:&quot;0&quot;}\" data-image-title=\"Logo_CollOrNor\" data-image-description=\"\" data-medium-file=\"https:\/\/i0.wp.com\/collectifornormes.fr\/spectaclescollectifornormes\/wp-content\/uploads\/2017\/08\/logo_collornor-e1502804254372.png?fit=300%2C75&amp;ssl=1\" data-large-file=\"https:\/\/i0.wp.com\/collectifornormes.fr\/spectaclescollectifornormes\/wp-content\/uploads\/2017\/08\/logo_collornor-e1502804254372.png?fit=764%2C191&amp;ssl=1\" \/><\/a>\n\t\t\t<\/div><\/figure>\n\t\t<\/div>\n\n<h6 class=\"p1\" style=\"text-align: center;\">Ils nous font confiance:<\/h6>\n<h6 class=\"p1\" style=\"text-align: center;\">Cie Blanca Li, Cie Mabel Octobre, JCO, Diane Tell, C2C, IRJS, Transpalux, le Tr\u00e8fle, le CIAP de Tr\u00e9voux, le Mus\u00e9e du Jeu\u00a0de paume, l\u2019Arantelle, L\u2019Avant-Sc\u00e8ne Cognac, la Coursive, le th\u00e9\u00e2tre la Margelle \u00e0 Civray, le th\u00e9\u00e2tre de l\u2019Escabeau \u00e0\u00a0Briare, la Maison des Trois Quartiers \u00e0 Poitiers, la Maison des Projets \u00e0 Buxerolles, la Fabrique du V\u00e9lodrome \u00e0 la\u00a0Rochelle, la Quintaine \u00e0 Chasseneuil du Poitou, le Th\u00e9\u00e2tre de la Grange aux loups \u00e0 Chauvigny, la maison Maria Casar\u00e8s\u00a0\u00e0 Alloue, le Th\u00e9\u00e2tre Gilgamesh \u00e0 Avignon, la Maison Folie l\u2019hospice d\u2019Havr\u00e9 \u00e0 Tourcoing, le Th\u00e9\u00e2tre de Belleville et\u00a0l\u2019espace Confluences \u00e0 Paris, le Centre Culturel de D\u00e9l\u00e9mont et le ch\u00e2teau de Coppet en Suisse \u2026\u00a0La M\u00e9diath\u00e8que de Poitiers (Saint-Eloi et Fran\u00e7ois Mitterrand), la M\u00e9diath\u00e8que de Niort, et la m\u00e9diath\u00e8que de Lyon.\u00a0Les espaces num\u00e9riques: l\u2019Espace Mend\u00e8s France \u00e0 Poitiers , l\u2019 Espace multim\u00e9dia Gantner \u00e0 Belfort, et M\u00e9dia-cit\u00e9s \u00e0\u00a0Bordeaux.\u00a0Les Universit\u00e9s de Poitiers, de la Rochelle et de Compi\u00e8gne et le laboratoire COSTECH.\u00a0Les lyc\u00e9es de Venours, de la Rochelle, de Cognac, de Civary, de Poitiers et le lyc\u00e9e de la seconde chance \u00e0 Niort, et l\u2019\u00e9cole\u00a0europ\u00e9enne de Piatra Neampt en Roumanie.\u00a0Les villes de Niort, Poitiers, la Rochelle, Royan, la R\u00e9gion Nouvelle Aquitaine et la Drac Nouvelle Aquitaine, les Conseils\u00a0D\u00e9partementaux de la Vienne et des Deux-S\u00e8vres.<\/h6>\n<p><a href=\"https:\/\/i0.wp.com\/collectifornormes.fr\/spectaclescollectifornormes\/wp-content\/uploads\/2017\/08\/Bandeau-Partenaires-CollOrNor-01.png\"><img data-attachment-id=\"472\" data-permalink=\"https:\/\/collectifornormes.fr\/spectaclescollectifornormes\/a-propos\/bandeau-partenaires-collornor-01\/\" data-orig-file=\"https:\/\/i0.wp.com\/collectifornormes.fr\/spectaclescollectifornormes\/wp-content\/uploads\/2017\/08\/Bandeau-Partenaires-CollOrNor-01.png?fit=794%2C73&amp;ssl=1\" data-orig-size=\"794,73\" data-comments-opened=\"1\" data-image-meta=\"{&quot;aperture&quot;:&quot;0&quot;,&quot;credit&quot;:&quot;&quot;,&quot;camera&quot;:&quot;&quot;,&quot;caption&quot;:&quot;&quot;,&quot;created_timestamp&quot;:&quot;0&quot;,&quot;copyright&quot;:&quot;&quot;,&quot;focal_length&quot;:&quot;0&quot;,&quot;iso&quot;:&quot;0&quot;,&quot;shutter_speed&quot;:&quot;0&quot;,&quot;title&quot;:&quot;&quot;,&quot;orientation&quot;:&quot;0&quot;}\" data-image-title=\"Bandeau Partenaires CollOrNor-01\" data-image-description=\"\" data-medium-file=\"https:\/\/i0.wp.com\/collectifornormes.fr\/spectaclescollectifornormes\/wp-content\/uploads\/2017\/08\/Bandeau-Partenaires-CollOrNor-01.png?fit=300%2C28&amp;ssl=1\" data-large-file=\"https:\/\/i0.wp.com\/collectifornormes.fr\/spectaclescollectifornormes\/wp-content\/uploads\/2017\/08\/Bandeau-Partenaires-CollOrNor-01.png?fit=764%2C70&amp;ssl=1\" decoding=\"async\" loading=\"lazy\" class=\"aligncenter size-medium_large wp-image-472\" src=\"https:\/\/i0.wp.com\/collectifornormes.fr\/spectaclescollectifornormes\/wp-content\/uploads\/2017\/08\/Bandeau-Partenaires-CollOrNor-01-768x71.png?resize=764%2C71\" alt=\"\" width=\"764\" height=\"71\" srcset=\"https:\/\/i0.wp.com\/collectifornormes.fr\/spectaclescollectifornormes\/wp-content\/uploads\/2017\/08\/Bandeau-Partenaires-CollOrNor-01.png?resize=768%2C71&amp;ssl=1 768w, https:\/\/i0.wp.com\/collectifornormes.fr\/spectaclescollectifornormes\/wp-content\/uploads\/2017\/08\/Bandeau-Partenaires-CollOrNor-01.png?resize=300%2C28&amp;ssl=1 300w, https:\/\/i0.wp.com\/collectifornormes.fr\/spectaclescollectifornormes\/wp-content\/uploads\/2017\/08\/Bandeau-Partenaires-CollOrNor-01.png?w=794&amp;ssl=1 794w\" sizes=\"(max-width: 764px) 100vw, 764px\" data-recalc-dims=\"1\" \/><\/a><\/p>\n<h6 style=\"text-align: center;\">Avec le concours financier de la r\u00e9gion Nouvelle-Aquitaine<\/h6>\n","protected":false},"excerpt":{"rendered":"<p>Ceci est un petit extrait destin\u00e9 \u00e0 la &nbsp;page \u00ab \u00c0 propos \u00bb.<\/p>\n","protected":false},"author":2,"featured_media":0,"parent":0,"menu_order":1,"comment_status":"closed","ping_status":"closed","template":"fullwidth-page.php","meta":{"spay_email":""},"tags":[],"jetpack_sharing_enabled":false,"jetpack_shortlink":"https:\/\/wp.me\/P9dEJz-5","jetpack_likes_enabled":true,"_links":{"self":[{"href":"https:\/\/collectifornormes.fr\/spectaclescollectifornormes\/wp-json\/wp\/v2\/pages\/5"}],"collection":[{"href":"https:\/\/collectifornormes.fr\/spectaclescollectifornormes\/wp-json\/wp\/v2\/pages"}],"about":[{"href":"https:\/\/collectifornormes.fr\/spectaclescollectifornormes\/wp-json\/wp\/v2\/types\/page"}],"author":[{"embeddable":true,"href":"https:\/\/collectifornormes.fr\/spectaclescollectifornormes\/wp-json\/wp\/v2\/users\/2"}],"replies":[{"embeddable":true,"href":"https:\/\/collectifornormes.fr\/spectaclescollectifornormes\/wp-json\/wp\/v2\/comments?post=5"}],"version-history":[{"count":7,"href":"https:\/\/collectifornormes.fr\/spectaclescollectifornormes\/wp-json\/wp\/v2\/pages\/5\/revisions"}],"predecessor-version":[{"id":624,"href":"https:\/\/collectifornormes.fr\/spectaclescollectifornormes\/wp-json\/wp\/v2\/pages\/5\/revisions\/624"}],"wp:attachment":[{"href":"https:\/\/collectifornormes.fr\/spectaclescollectifornormes\/wp-json\/wp\/v2\/media?parent=5"}],"wp:term":[{"taxonomy":"post_tag","embeddable":true,"href":"https:\/\/collectifornormes.fr\/spectaclescollectifornormes\/wp-json\/wp\/v2\/tags?post=5"}],"curies":[{"name":"wp","href":"https:\/\/api.w.org\/{rel}","templated":true}]}}