{"id":841,"date":"2022-11-22T11:21:13","date_gmt":"2022-11-22T10:21:13","guid":{"rendered":"https:\/\/collectifornormes.fr\/spectaclescollectifornormes\/?page_id=841"},"modified":"2022-11-22T15:34:26","modified_gmt":"2022-11-22T14:34:26","slug":"equipe-artistique-shangrila","status":"publish","type":"page","link":"https:\/\/collectifornormes.fr\/spectaclescollectifornormes\/equipe-artistique-shangrila\/","title":{"rendered":"EQUIPE ARTISTIQUE SHANGRI &#8211; LA"},"content":{"rendered":"\n<h2>MATHIEU BABLET : AUTEUR<\/h2>\n\n\n\n<div class=\"wp-block-image\"><figure class=\"aligncenter size-large\"><img data-attachment-id=\"844\" data-permalink=\"https:\/\/collectifornormes.fr\/spectaclescollectifornormes\/equipe-artistique-shangrila\/mathieu-bablet-photo_24611\/\" data-orig-file=\"https:\/\/i1.wp.com\/collectifornormes.fr\/spectaclescollectifornormes\/wp-content\/uploads\/2022\/11\/Mathieu-Bablet-Photo_24611.jpg?fit=486%2C486&amp;ssl=1\" data-orig-size=\"486,486\" data-comments-opened=\"1\" data-image-meta=\"{&quot;aperture&quot;:&quot;0&quot;,&quot;credit&quot;:&quot;Picasa&quot;,&quot;camera&quot;:&quot;&quot;,&quot;caption&quot;:&quot;&quot;,&quot;created_timestamp&quot;:&quot;1522232364&quot;,&quot;copyright&quot;:&quot;&quot;,&quot;focal_length&quot;:&quot;0&quot;,&quot;iso&quot;:&quot;0&quot;,&quot;shutter_speed&quot;:&quot;0&quot;,&quot;title&quot;:&quot;&quot;,&quot;orientation&quot;:&quot;0&quot;}\" data-image-title=\"Mathieu-Bablet-Photo_24611\" data-image-description=\"\" data-medium-file=\"https:\/\/i1.wp.com\/collectifornormes.fr\/spectaclescollectifornormes\/wp-content\/uploads\/2022\/11\/Mathieu-Bablet-Photo_24611.jpg?fit=300%2C300&amp;ssl=1\" data-large-file=\"https:\/\/i1.wp.com\/collectifornormes.fr\/spectaclescollectifornormes\/wp-content\/uploads\/2022\/11\/Mathieu-Bablet-Photo_24611.jpg?fit=486%2C486&amp;ssl=1\" decoding=\"async\" loading=\"lazy\" width=\"486\" height=\"486\" src=\"https:\/\/i1.wp.com\/collectifornormes.fr\/spectaclescollectifornormes\/wp-content\/uploads\/2022\/11\/Mathieu-Bablet-Photo_24611.jpg?resize=486%2C486&#038;ssl=1\" alt=\"\" class=\"wp-image-844\" srcset=\"https:\/\/i1.wp.com\/collectifornormes.fr\/spectaclescollectifornormes\/wp-content\/uploads\/2022\/11\/Mathieu-Bablet-Photo_24611.jpg?w=486&amp;ssl=1 486w, https:\/\/i1.wp.com\/collectifornormes.fr\/spectaclescollectifornormes\/wp-content\/uploads\/2022\/11\/Mathieu-Bablet-Photo_24611.jpg?resize=300%2C300&amp;ssl=1 300w, https:\/\/i1.wp.com\/collectifornormes.fr\/spectaclescollectifornormes\/wp-content\/uploads\/2022\/11\/Mathieu-Bablet-Photo_24611.jpg?resize=150%2C150&amp;ssl=1 150w, https:\/\/i1.wp.com\/collectifornormes.fr\/spectaclescollectifornormes\/wp-content\/uploads\/2022\/11\/Mathieu-Bablet-Photo_24611.jpg?resize=50%2C50&amp;ssl=1 50w\" sizes=\"(max-width: 486px) 100vw, 486px\" data-recalc-dims=\"1\" \/><\/figure><\/div>\n\n\n\n<p>Originaire de Grenoble, Mathieu Bablet a re\u00e7u une formation en arts appliqu\u00e9s aupr\u00e8s de l\u2019ENAAI de Chamb\u00e9ry (Enseignement aux arts appliqu\u00e9s &amp; \u00e0 l\u2019image). <br>Son premier album est La Belle Mort, en 2011 : une fiction post-apocalyptique en milieu urbain ; Actua BD signale la ma\u00eetrise dans le dessin: \u00ab une tr\u00e8s belle texturisation et une d\u00e9-saturation g\u00e9n\u00e9rale apporte un cachet tr\u00e8s prenant \u00bb. Le m\u00eame site \u00e9met des critiques positives sur la r\u00e9\u00e9dition augment\u00e9e en 2017.<br>En 2012, l\u2019artiste participe au deuxi\u00e8me tome de la s\u00e9rie Doggy Bags (pour Vol Express 666) o\u00f9 se manifestent \u00ab la pr\u00e9cision des d\u00e9cors et le sens du cadrage \u00bb de Bablet. Il participe en 2015 au volume 8, o\u00f9 son travail \u00ab prouve encore avec son graphisme inimitable qu\u2019il est l\u2019un des grands dessinateurs urbains actuels \u00bb. Entre 2013 et 2014 para\u00eet le diptyque Adrast\u00e9e, situ\u00e9 dans la Gr\u00e8ce des mythes mais toujours avec une ambiance post-apocalyptique, dans lequel \u00ab Bablet impose sa patte contemplative \u00bb. Pour le tome deux, malgr\u00e9 des r\u00e9serves sur le sc\u00e9nario, \u00ab Les paysages, l\u2019atmosph\u00e8re, les d\u00e9cors, les harmonies de couleur, sont absolument \u00e0 tomber \u00bb.<br>En 2016, l\u2019auteur publie le one shot Shangri La, toujours dans le domaine de la science-fiction. L\u2019ouvrage est un grand succ\u00e8s et re\u00e7oit un accueil tr\u00e8s favorable et est s\u00e9lectionn\u00e9 en comp\u00e9tition officielle au Festival d\u2019Angoul\u00eame de 2017. En 2018 et 2019 para\u00eet Midnight Tales, une s\u00e9rie de recueil dont Bablet est \u00ab show runner \u00bb, sc\u00e9nariste, ainsi que dessinateur pour certaines des histoires. Il y exprime une fois de plus \u00ab son go\u00fbt pour les architectures labyrinthiques \u00bb et y dirige le travail d\u2019une multitude d\u2019autres auteurs.<br>Fin 2018, il annonce travailler sur un nouveau one shot du nom de Carbone &amp; Silicium, un r\u00e9cit d\u2019anticipation abordant des th\u00e8mes tels que le transhumanisme et les crises \u00e9cologiques et migratoires.<br>Laur\u00e9at du prix Fnac\/France Inter en 2021 pour sa BD Carbon &amp; Silicium.<\/p>\n\n\n\n<hr class=\"wp-block-separator\"\/>\n\n\n\n<h2>CHRISTELLE DERR\u00c9 : METTEURE EN SC\u00c8NE, SC\u00c9NARISTE TRANSM\u00c9DIA<\/h2>\n\n\n\n<figure class=\"wp-block-image size-large\"><img data-attachment-id=\"846\" data-permalink=\"https:\/\/collectifornormes.fr\/spectaclescollectifornormes\/equipe-artistique-shangrila\/attachment\/073\/\" data-orig-file=\"https:\/\/i2.wp.com\/collectifornormes.fr\/spectaclescollectifornormes\/wp-content\/uploads\/2022\/11\/073.jpg?fit=1100%2C1100&amp;ssl=1\" data-orig-size=\"1100,1100\" data-comments-opened=\"1\" data-image-meta=\"{&quot;aperture&quot;:&quot;0&quot;,&quot;credit&quot;:&quot;Olivier ALLARD&quot;,&quot;camera&quot;:&quot;&quot;,&quot;caption&quot;:&quot;&quot;,&quot;created_timestamp&quot;:&quot;0&quot;,&quot;copyright&quot;:&quot;&quot;,&quot;focal_length&quot;:&quot;0&quot;,&quot;iso&quot;:&quot;0&quot;,&quot;shutter_speed&quot;:&quot;0&quot;,&quot;title&quot;:&quot;&quot;,&quot;orientation&quot;:&quot;1&quot;}\" data-image-title=\"073\" data-image-description=\"\" data-medium-file=\"https:\/\/i2.wp.com\/collectifornormes.fr\/spectaclescollectifornormes\/wp-content\/uploads\/2022\/11\/073.jpg?fit=300%2C300&amp;ssl=1\" data-large-file=\"https:\/\/i2.wp.com\/collectifornormes.fr\/spectaclescollectifornormes\/wp-content\/uploads\/2022\/11\/073.jpg?fit=764%2C764&amp;ssl=1\" decoding=\"async\" loading=\"lazy\" width=\"764\" height=\"764\" src=\"https:\/\/i2.wp.com\/collectifornormes.fr\/spectaclescollectifornormes\/wp-content\/uploads\/2022\/11\/073.jpg?resize=764%2C764&#038;ssl=1\" alt=\"\" class=\"wp-image-846\" srcset=\"https:\/\/i2.wp.com\/collectifornormes.fr\/spectaclescollectifornormes\/wp-content\/uploads\/2022\/11\/073.jpg?resize=1024%2C1024&amp;ssl=1 1024w, https:\/\/i2.wp.com\/collectifornormes.fr\/spectaclescollectifornormes\/wp-content\/uploads\/2022\/11\/073.jpg?resize=300%2C300&amp;ssl=1 300w, https:\/\/i2.wp.com\/collectifornormes.fr\/spectaclescollectifornormes\/wp-content\/uploads\/2022\/11\/073.jpg?resize=150%2C150&amp;ssl=1 150w, https:\/\/i2.wp.com\/collectifornormes.fr\/spectaclescollectifornormes\/wp-content\/uploads\/2022\/11\/073.jpg?resize=768%2C768&amp;ssl=1 768w, https:\/\/i2.wp.com\/collectifornormes.fr\/spectaclescollectifornormes\/wp-content\/uploads\/2022\/11\/073.jpg?resize=800%2C800&amp;ssl=1 800w, https:\/\/i2.wp.com\/collectifornormes.fr\/spectaclescollectifornormes\/wp-content\/uploads\/2022\/11\/073.jpg?resize=50%2C50&amp;ssl=1 50w, https:\/\/i2.wp.com\/collectifornormes.fr\/spectaclescollectifornormes\/wp-content\/uploads\/2022\/11\/073.jpg?w=1100&amp;ssl=1 1100w\" sizes=\"(max-width: 764px) 100vw, 764px\" data-recalc-dims=\"1\" \/><\/figure>\n\n\n\n<p>Apr\u00e8s une formation au conservatoire de Poitiers, Christelle rejoint la troupe du Tr\u00e8fle, sous la direction de Marie-Claude Morland. L\u2019art cin\u00e9matographique, chor\u00e9graphique et pictural influence son travail. Son univers est ouvert; le texte, l\u2019image et le son y semblent indissociables et chacune de ses cr\u00e9ations porte cette identit\u00e9. Elle lie \u00e0 l\u2019\u00e9criture th\u00e9\u00e2trale d\u2019autres \u00e9critures : musicales, visuelles, parfois chor\u00e9graphiques. <br>Elle utilise l\u2019\u00e9criture du code (ordinateur) au service d\u2019une \u00e9criture du d\u00e9cloisonnement. A la recherche d\u2019un art vivant total.<br>En 2011, elle cr\u00e9e \u00ab Le Collectif Or NOrmes \u00bb, en collaboration avec Martin Rossi dans le but d\u2019estomper les fronti\u00e8res entre spectacle vivant et art num\u00e9rique. En parall\u00e8le, elle reprend ses \u00e9tudes et valide un Master 2 pro \u00e0 l\u2019Universit\u00e9 de Lyon, son sujet de m\u00e9moire est : \u00ab La notion de transm\u00e9dia dans le spectacle vivant \u00bb.<br>Depuis 2012, les productions du Collectif Or NOrmes sont transm\u00e9dias, comme notamment \u00ab La Maladie de la Mort \u00bb de Marguerite Duras : un spectacle, un film, une s\u00e9rie litt\u00e9raire pour Facebook et une installation de r\u00e9alit\u00e9 virtuelle propos\u00e9e en 2018.<br>Elle participe \u00e9galement \u00e0 \u201cEngrenages\u201d, un projet d\u2019\u00e9ditorialisation au format 3.0 qui r\u00e9unit de nombreux partenaires, des lieux d\u00e9di\u00e9s :<br>Lieu Multiple, M\u00e9diacit\u00e9s, l\u2019Espace Gantner, des m\u00e9diath\u00e8ques (Niort, Limoges), des Universit\u00e9s et des \u00e9tablissements scolaires.<br>En juillet 2018, elle ouvre le 65\u00e8me festival National de Bellac avec une proposition transm\u00e9dia, une forme d\u00e9ambulatoire dans la ville et un spectacle compos\u00e9 de mapping vid\u00e9o monumental en ext\u00e9rieur pour rendre hommage \u00e0 Jean Giraudoux avec \u00ab les esprits libres \u00bb.<br>Depuis 2018, sa derni\u00e8re cr\u00e9ation, \u00ab Albatros \u00bb de Fabrice Melquiot co-produite par la Sc\u00e8ne Nationale de la Rochelle et l\u2019OARA, est en tourn\u00e9e dans toute la France. Christelle cr\u00e9e \u00e9galement une nouvelle forme artistique dite LILI \/ L\u2019Installation de Lecture Immersive, exp\u00e9rience sensorielle pour un spectateur \u00e9quip\u00e9 d\u2019un casque de r\u00e9alit\u00e9 virtuelle. Ces deux derni\u00e8res cr\u00e9ations rencontrent un franc succ\u00e8s au festival Experimenta \u00e0 Grenoble, lors des \u00e9ditions 2018 et 2020.<\/p>\n\n\n\n<hr class=\"wp-block-separator\"\/>\n\n\n\n<h2>VINCENT GIRAULT \u00ab\u00a0DELAROMANCE\u00a0\u00bb : COMPOSITEUR<\/h2>\n\n\n\n<figure class=\"wp-block-image size-large\"><img data-attachment-id=\"847\" data-permalink=\"https:\/\/collectifornormes.fr\/spectaclescollectifornormes\/equipe-artistique-shangrila\/de-la-romance-scaled-1\/\" data-orig-file=\"https:\/\/i1.wp.com\/collectifornormes.fr\/spectaclescollectifornormes\/wp-content\/uploads\/2022\/11\/de-la-romance-scaled-1.jpg?fit=2560%2C1714&amp;ssl=1\" data-orig-size=\"2560,1714\" data-comments-opened=\"1\" data-image-meta=\"{&quot;aperture&quot;:&quot;0&quot;,&quot;credit&quot;:&quot;&quot;,&quot;camera&quot;:&quot;&quot;,&quot;caption&quot;:&quot;&quot;,&quot;created_timestamp&quot;:&quot;0&quot;,&quot;copyright&quot;:&quot;&quot;,&quot;focal_length&quot;:&quot;0&quot;,&quot;iso&quot;:&quot;0&quot;,&quot;shutter_speed&quot;:&quot;0&quot;,&quot;title&quot;:&quot;&quot;,&quot;orientation&quot;:&quot;0&quot;}\" data-image-title=\"de-la-romance-scaled-1\" data-image-description=\"\" data-medium-file=\"https:\/\/i1.wp.com\/collectifornormes.fr\/spectaclescollectifornormes\/wp-content\/uploads\/2022\/11\/de-la-romance-scaled-1.jpg?fit=300%2C201&amp;ssl=1\" data-large-file=\"https:\/\/i1.wp.com\/collectifornormes.fr\/spectaclescollectifornormes\/wp-content\/uploads\/2022\/11\/de-la-romance-scaled-1.jpg?fit=764%2C512&amp;ssl=1\" decoding=\"async\" loading=\"lazy\" width=\"764\" height=\"512\" src=\"https:\/\/i1.wp.com\/collectifornormes.fr\/spectaclescollectifornormes\/wp-content\/uploads\/2022\/11\/de-la-romance-scaled-1.jpg?resize=764%2C512&#038;ssl=1\" alt=\"\" class=\"wp-image-847\" srcset=\"https:\/\/i1.wp.com\/collectifornormes.fr\/spectaclescollectifornormes\/wp-content\/uploads\/2022\/11\/de-la-romance-scaled-1.jpg?resize=1024%2C686&amp;ssl=1 1024w, https:\/\/i1.wp.com\/collectifornormes.fr\/spectaclescollectifornormes\/wp-content\/uploads\/2022\/11\/de-la-romance-scaled-1.jpg?resize=300%2C201&amp;ssl=1 300w, https:\/\/i1.wp.com\/collectifornormes.fr\/spectaclescollectifornormes\/wp-content\/uploads\/2022\/11\/de-la-romance-scaled-1.jpg?resize=768%2C514&amp;ssl=1 768w, https:\/\/i1.wp.com\/collectifornormes.fr\/spectaclescollectifornormes\/wp-content\/uploads\/2022\/11\/de-la-romance-scaled-1.jpg?resize=1536%2C1028&amp;ssl=1 1536w, https:\/\/i1.wp.com\/collectifornormes.fr\/spectaclescollectifornormes\/wp-content\/uploads\/2022\/11\/de-la-romance-scaled-1.jpg?resize=2048%2C1371&amp;ssl=1 2048w, https:\/\/i1.wp.com\/collectifornormes.fr\/spectaclescollectifornormes\/wp-content\/uploads\/2022\/11\/de-la-romance-scaled-1.jpg?w=2292&amp;ssl=1 2292w\" sizes=\"(max-width: 764px) 100vw, 764px\" data-recalc-dims=\"1\" \/><\/figure>\n\n\n\n<p>C\u2019est \u00e0 l\u2019\u00e2ge de 20 ans, en 2007, que Vincent signe sa premi\u00e8re bande originale de film (\u00ab L\u2019Apprenti \u00bb de Samuel Collardey). Il composera ensuite la musique de nombreux courts m\u00e9trages (\u00ab Rose, Maintenant \u00bb de Julien Hallard, \u00ab Les Fr\u00e9missements du Th\u00e9 \u00bb de Marc Fouchard\u2026) tout en travaillant r\u00e9guli\u00e8rement sur la cr\u00e9ation de musiques de publicit\u00e9s (Lanc\u00f4me, Danone, Sprite\u2026), de documentaires Arte (Revolution VHS, Tous Zombies\u2026) et \u00e9voluant dans des groupes de musique en tant que batteur (Vegastar, Ne\u00efmo) ou artiste-\u2010producteur (The Electronique Conspiracy, De La Romance).<br>R\u00e9cemment, Vincent signe la musique du troisi\u00e8me long\u2010m\u00e9trage de Samuel Collardey \u00ab Temp\u00eate \u00bb, et compose une s\u00e9quence musicale du film \u00ab Marvin ou la belle \u00e9ducation \u00bb d\u2019Anne Fontaine.<br>Ses r\u00e9f\u00e9rences sont disponibles en ligne (<a href=\"https:\/\/www.imdb.com\/name\/nm3243537\">https:\/\/www.imdb.com\/name\/nm3243537<\/a>) et sur ses sites internet : <a href=\"http:\/\/vincentgirault.com\">http:\/\/vincentgirault.com<\/a> ou <a href=\"http:\/\/delaromance.com\">http:\/\/delaromance.com<\/a><\/p>\n","protected":false},"excerpt":{"rendered":"<p>MATHIEU BABLET : AUTEUR Originaire de Grenoble, Mathieu Bablet a re\u00e7u une formation en arts appliqu\u00e9s aupr\u00e8s de l\u2019ENAAI de Chamb\u00e9ry (Enseignement aux arts appliqu\u00e9s &amp; \u00e0 l\u2019image). Son premier album est La Belle Mort, en 2011 : une fiction post-apocalyptique en milieu urbain ; Actua BD signale la ma\u00eetrise dans le dessin: \u00ab une [&hellip;]<\/p>\n","protected":false},"author":1,"featured_media":0,"parent":0,"menu_order":0,"comment_status":"closed","ping_status":"closed","template":"","meta":{"spay_email":""},"tags":[],"jetpack_sharing_enabled":true,"jetpack_shortlink":"https:\/\/wp.me\/P9dEJz-dz","jetpack_likes_enabled":true,"_links":{"self":[{"href":"https:\/\/collectifornormes.fr\/spectaclescollectifornormes\/wp-json\/wp\/v2\/pages\/841"}],"collection":[{"href":"https:\/\/collectifornormes.fr\/spectaclescollectifornormes\/wp-json\/wp\/v2\/pages"}],"about":[{"href":"https:\/\/collectifornormes.fr\/spectaclescollectifornormes\/wp-json\/wp\/v2\/types\/page"}],"author":[{"embeddable":true,"href":"https:\/\/collectifornormes.fr\/spectaclescollectifornormes\/wp-json\/wp\/v2\/users\/1"}],"replies":[{"embeddable":true,"href":"https:\/\/collectifornormes.fr\/spectaclescollectifornormes\/wp-json\/wp\/v2\/comments?post=841"}],"version-history":[{"count":3,"href":"https:\/\/collectifornormes.fr\/spectaclescollectifornormes\/wp-json\/wp\/v2\/pages\/841\/revisions"}],"predecessor-version":[{"id":856,"href":"https:\/\/collectifornormes.fr\/spectaclescollectifornormes\/wp-json\/wp\/v2\/pages\/841\/revisions\/856"}],"wp:attachment":[{"href":"https:\/\/collectifornormes.fr\/spectaclescollectifornormes\/wp-json\/wp\/v2\/media?parent=841"}],"wp:term":[{"taxonomy":"post_tag","embeddable":true,"href":"https:\/\/collectifornormes.fr\/spectaclescollectifornormes\/wp-json\/wp\/v2\/tags?post=841"}],"curies":[{"name":"wp","href":"https:\/\/api.w.org\/{rel}","templated":true}]}}